. Let h = g + -38. Suppose -4*x = -5*x + 5*d + 102, -h*x = 2*d - 483. Is x a composite number?
False
Suppose 49100 = 4*u + 4*a + 8792, 3*u - 5*a = 30255. Suppose 2*v + 5039 = 4*v - 3*s, 0 = -4*v + 4*s + u. Is v a composite number?
False
Let a = 15552 - 589. Is a prime?
False
Let t(l) = l**2 + 14*l + 8. Let o be t(-14). Let k be -2 + 4/o*-2 + -1286. Let j = -532 - k. Is j prime?
True
Let r(q) = -1084*q + 5959. Is r(0) prime?
False
Suppose 21*d = -o + 19*d + 60, o - 55 = 3*d. Suppose o*z = 55*z + 20505. Is z a prime number?
False
Let g(c) = -c**3 - 14*c**2 - 15*c - 28. Let m(k) = k**2 + 4*k - 25. Let h be m(-6). Let o be g(h). Is -1 - (5 - 1719 - 8/o) a composite number?
False
Suppose 13*p - 7828 = 8643. Suppose -3538 = -l - p. Let g = l + -614. Is g a prime number?
True
Let s(c) = 115036*c**2 - 29*c - 32. Is s(-1) a prime number?
False
Suppose -4*w + 3*w = -1169. Suppose -342*s = -343*s + w. Is s prime?
False
Let f = 476788 - 243941. Is f a prime number?
True
Let n(g) = -737*g - 1120. Is n(-13) a composite number?
False
Let x = 1380505 + -844106. Is x composite?
False
Let h be (1 + -1 + 2/(-6))*0. Suppose h = -f - 5 + 2, 0 = 4*q + 2*f - 6830. Is q prime?
True
Let k(j) = 4*j - 293. Let x(d) = -185 + 4*d - 100 - 9. Let t(h) = 5*k(h) - 6*x(h). Is t(0) a prime number?
False
Let v = 233 - 230. Suppose 0 = 2*l - c - 2347, -4*l + 0*c + 4699 = -v*c. Is l prime?
True
Let d(p) = -143*p**3 + 48*p**2 - 62*p + 120. Is d(-25) a composite number?
True
Is (-1)/(((-210)/22261442)/15) prime?
False
Suppose 4*m - 72 = 4*d, -5*m - 5*d - 14 = -6*m. Let s be (2 - 1)/((-3)/(-51)). Suppose 0 = -s*n + m*n - 534. Is n prime?
False
Let p = -20 + -8. Let s be (-2)/8 + 21/p. Is -2*(-6)/4 + 137 + s composite?
False
Let i be (-18924)/(-36)*(-5 - -2)*1. Let u = -880 - i. Is u prime?
False
Let v(i) = -i**2 - i + 41. Let b be v(0). Suppose 0 = o + 12*o + 208. Let a = o + b. Is a composite?
True
Suppose 5*r - l + 45 = 0, -r = r + l + 18. Let q(d) = d**3 + 10*d**2 - 8. Let w be q(r). Let u = 1101 + w. Is u a composite number?
True
Let n(q) = -2524*q - 829. Is n(-14) a prime number?
False
Let z(q) = q**2 + 12*q. Let o be z(-4). Is o/8 + 1022/1 prime?
False
Suppose 14447 = 3*j - 2*m, -j - 4*j + 3*m + 24078 = 0. Let q = -3269 + j. Let a = q - 1067. Is a composite?
False
Let t = 74 - 77. Let w be 8/(-6)*(-27)/(-3). Is 409 + (w/4 - t) a prime number?
True
Let q = -18 + 23. Suppose 5*z = q*m - 12 - 18, 2*z = -m. Suppose -u - u - j + 2085 = 0, -4167 = -m*u - j. Is u a composite number?
True
Suppose -j - 23*c + 85417 = -22*c, 5*c = 3*j - 256203. Is j a composite number?
False
Suppose -11*p = -22*p - 289201. Let t = p + 37948. Is t prime?
True
Suppose 2*q = -15106 + 6154. Suppose -4*s = g + 12635, 4*s - 14*g = -10*g - 12620. Let w = s - q. Is w composite?
True
Is (164 + -166)*(-5807)/2 composite?
False
Suppose 13 = -2*p + 5*a, 3*a + 0*a - 13 = -4*p. Let b(q) = 2719*q - 2. Let z be b(p). Let t = 5494 - z. Is t a prime number?
True
Let t be (1010/(-35))/(3 + (-46)/14). Is (t - (-1 - -5))*1 a prime number?
True
Suppose 3*j - 38697 = -2*d + 2*j, 3*j - 9 = 0. Is d a composite number?
True
Let u = 310068 - 97799. Is u composite?
True
Suppose 6*m - 5*o = 2*m + 8, -4*m = -o + 8. Let s be (1/m)/((16/(-12))/4). Is (-3 - (-334 + 12/(-4)))*s composite?
True
Suppose -899*x = -900*x + 261223. Is x a prime number?
True
Suppose 0 = 24*n - 202 + 58. Is (-3)/(-9) - (-4504)/n prime?
True
Suppose 2*q - 67339 = -b, 2*b + 18030 + 15647 = q. Is q prime?
False
Let o = 228657 + 251486. Is o prime?
True
Let m = -90335 - -127374. Is m a prime number?
True
Suppose 54827*i - 1792794 = 54821*i. Is i a prime number?
True
Suppose -5*v = -6 - 144. Let k(o) = 11 - 15*o - 10*o + v*o + 7*o**2. Is k(-8) a prime number?
True
Suppose -3*c - 12654 - 20580 = 0. Let t = c + 15631. Is t a composite number?
True
Suppose -16703 = -2*p - 9*v + 10*v, -25042 = -3*p + 4*v. Is p a prime number?
False
Let r = 37204 + 247573. Is r prime?
True
Is (3/((-12)/(-38)) - 3)*173942/29 a prime number?
False
Let y be (-2*(-8)/16)/((-1)/3). Let g(f) be the third derivative of -103*f**6/120 + f**5/20 - f**4/12 - f**3/2 + 21*f**2. Is g(y) a composite number?
True
Let u be (4/(-18))/((-5)/45) + 2731. Let p = u - 1190. Is p composite?
False
Let z = -926698 + 1344767. Is z prime?
True
Suppose x - 146064 = q + 81725, -3*x + 683375 = -q. Is x prime?
False
Let p be 0*2/4*3/3. Suppose -125*y + 109*y + 82672 = p. Is y composite?
False
Let b(k) = 2472*k**2 + 10*k + 5. Is b(-6) composite?
False
Suppose -793 - 365 = -3*i. Let y = i - -515. Is y a prime number?
False
Let m be (-2)/(96992/(-242380) + (-4)/(-10)). Let z = 32764 - m. Is z a prime number?
False
Suppose -5*m - 2*v = 22832, 3*m + 4*v = -0*m - 13688. Let l = m - -8553. Is l prime?
False
Suppose 3*h + 35 = 53. Let v be (-63)/h*12/(-18). Let k(g) = 22*g**2 - g - 10. Is k(v) prime?
True
Is (-34926 - (-15 - -8))/(-1) a composite number?
False
Let v(h) = -h**3 + 5*h**2 + 7*h - 4. Suppose 20 = 4*n + d, n + 9*d = 4*d - 14. Let q be v(n). Suppose q*c = -67 + 681. Is c prime?
True
Suppose -4*n = -553*j + 554*j - 1322823, 0 = -3*n + j + 992126. Is n a composite number?
True
Let w = -1754 - -1761. Suppose -2 - 2 = -2*c. Suppose c*i = -w*i + 12609. Is i composite?
True
Let g(l) = -3*l**2 + 9*l - 19. Let z be g(7). Let u = 228 - z. Suppose -91 = -2*p + u. Is p a prime number?
True
Let a(p) = 130*p**3 + 22*p**2 - 257*p + 1870. Is a(7) a composite number?
True
Let c(p) = 2*p + 46. Let a be c(-18). Let k(l) = l**3 - 2*l**2 - 8*l - 41. Is k(a) composite?
True
Let m = -50067 + 302734. Is m prime?
True
Suppose -3*i = h - 6, -3*h + 103 = i + 109. Suppose 1 = b, -i*s - 4015 = -2*b - 15602. Is s prime?
True
Is (-4)/8 - 58029660/(-72) composite?
False
Let y = -114 - -40. Let g = -22 - y. Let c = g + 135. Is c composite?
True
Is 11/(-858)*6 - 19202/(-13) prime?
False
Let a = 131919 + -80300. Is a composite?
True
Let k = -374 - -562. Let b = 1074 + k. Is b prime?
False
Suppose 5*w - 210 = 465. Suppose m = g - 4*m, w = -5*g - 2*m. Is (-1346)/(-5) + 5/g a prime number?
True
Suppose -2*p - 4 + 6 = 0. Let k be (-3 + 5)/(-1 - p) + 2. Let o(d) = 88*d - 3. Is o(k) a prime number?
False
Suppose -4*p + 0*p = 0. Suppose -3*t - 3*z = -9, -6*t - 5*z - 13 = -8*t. Suppose -2*q + q + t*y = -95, 3*q + 3*y - 270 = p. Is q a prime number?
False
Suppose -z = 23*z - 27504. Suppose -448*s + 454*s = z. Is s a composite number?
False
Suppose 126*k + 21 = 133*k. Suppose k*j - 1143 = -3*n, 0 = j - 3*j. Is n a composite number?
True
Let d(p) = -2*p + 10. Let h be d(5). Let t be 2/(-8) + h + 19/(-4). Is (7540/(-3))/t - 6/9 a prime number?
False
Suppose -3*k = -2*k - t - 7035, 4*t = -k + 7055. Is (-2*1/2*k)/(-1) a composite number?
False
Suppose -2*j + 0*r = 2*r - 47874, j + 5*r - 23945 = 0. Let n = j - 15582. Is n a prime number?
True
Suppose 3*s - 292446 - 258267 = 437304. Is s a composite number?
True
Let v = -727219 + 1019774. Is v a composite number?
True
Suppose 4*r + 19209 = 3*b - 0*r, -2*r = 3*b - 19227. Is b composite?
True
Is 2 + -116076*(200/15)/(-8) composite?
True
Suppose 3*j - 249613 = y, 233*y - 83211 = -j + 235*y. Is j prime?
True
Suppose 0 = 9*v - 546993 - 213498. Is v composite?
False
Let c = -305722 - -1144561. Is c prime?
False
Let y = 69123 - 47858. Suppose 8*x - 13*x + y = 0. Is x prime?
True
Is ((-4)/22)/(126/(-356449401)) prime?
True
Let a(u) = -u**3 - 6*u**2 + 8*u + 14. Let y be a(-7). Suppose 0 = -y*k - 4*k + 33. Suppose 0 = 5*o - s - 1535 + 147, 0 = k*o + 2*s - 825. Is o a prime number?
True
Let i = -6273 - -18236. Suppose -h + 0*h - 5*y = -3994, -4*y - i = -3*h. Is h composite?
False
Suppose -661*g + 668*g = 7. Is 2464/1 + g/(2/(-6)) composite?
True
Suppose 0 = 405*u - 3369042 - 19089583 - 67608920. Is u composite?
False
Let d(n) = n**2 - 11*n. Let s be d(11). Suppose -4*v + 5*b + 23 = 0, s = -0*v - 4*v - b + 53. Is (-662)/(-6) - 4/v - -1 composite?
True
Suppose 2*w - 4*w + 686 = 0. Let u = w - -127. Suppose -342 - u = -4*a. Is a a composite number?
True
Let x(u) = -u**3 + 12*u**2 - 4*u - 14. Let o be x(11). Let z be 25258/18 + ((-56)/o)/4. Suppose -11*s + 2304 = -z. Is s a composite number?
False
Let v(j) = 20*j + 24. Let q be v(-1). Suppose 5*l + 2*x + 125 = 1142, q*l = -5*x + 817. Is l a composite number?
True
Let u be ((